 divided by 1056?
1023
What is the remainder when 21433778 is divided by 389705?
3
Calculate the remainder when 5079021 is divided by 2539431.
159
What is the remainder when 31466862 is divided by 573?
567
What is the remainder when 57599 is divided by 20?
19
Calculate the remainder when 614278 is divided by 1456.
1302
Calculate the remainder when 49957445 is divided by 65475.
20
What is the remainder when 7463459 is divided by 17941?
3
Calculate the remainder when 8966128 is divided by 88.
72
What is the remainder when 192729051 is divided by 28?
11
What is the remainder when 639238 is divided by 3455?
63
Calculate the remainder when 2372549 is divided by 4252.
4185
What is the remainder when 8364966 is divided by 2788196?
378
Calculate the remainder when 2034835 is divided by 1377.
1006
What is the remainder when 694141 is divided by 25704?
133
What is the remainder when 29897 is divided by 509?
375
Calculate the remainder when 4018851 is divided by 105759.
9
What is the remainder when 59794074 is divided by 129?
123
What is the remainder when 229777 is divided by 1280?
657
Calculate the remainder when 143241 is divided by 161.
112
Calculate the remainder when 4167065 is divided by 927.
200
What is the remainder when 159147381 is divided by 75?
6
What is the remainder when 221391656 is divided by 259?
10
What is the remainder when 33735850 is divided by 9?
7
What is the remainder when 25448 is divided by 24882?
566
What is the remainder when 217516354 is divided by 177?
169
Calculate the remainder when 101806 is divided by 2958.
1234
What is the remainder when 24037 is divided by 2240?
1637
What is the remainder when 229854531 is divided by 9?
3
Calculate the remainder when 42229 is divided by 33446.
8783
Calculate the remainder when 1509365 is divided by 17151.
77
Calculate the remainder when 509577 is divided by 2654.
9
Calculate the remainder when 48809267 is divided by 41.
38
What is the remainder when 6568700 is divided by 837?
761
What is the remainder when 106332 is divided by 35278?
498
What is the remainder when 1399948 is divided by 49984?
396
Calculate the remainder when 119404 is divided by 4117.
11
Calculate the remainder when 18359 is divided by 8607.
1145
Calculate the remainder when 920768 is divided by 306920.
8
Calculate the remainder when 476032979 is divided by 17.
16
What is the remainder when 329883 is divided by 65964?
63
Calculate the remainder when 256738 is divided by 2054.
2042
What is the remainder when 76496741 is divided by 61?
57
Calculate the remainder when 282738 is divided by 1481.
1348
What is the remainder when 2383014 is divided by 220?
194
Calculate the remainder when 54370977 is divided by 428.
425
What is the remainder when 19900300 is divided by 17?
15
Calculate the remainder when 10396695 is divided by 70.
15
What is the remainder when 732590456 is divided by 15387?
15386
Calculate the remainder when 356643697 is divided by 17.
0
What is the remainder when 7366239 is divided by 254?
239
What is the remainder when 2177697 is divided by 1088847?
3
Calculate the remainder when 7723053 is divided by 14852.
13
What is the remainder when 54618 is divided by 2598?
60
Calculate the remainder when 11277370 is divided by 11276891.
479
What is the remainder when 82499 is divided by 137?
25
Calculate the remainder when 563371 is divided by 5072.
379
Calculate the remainder when 272328 is divided by 68059.
92
Calculate the remainder when 309407528 is divided by 154703760.
8
Calculate the remainder when 434456 is divided by 1111.
55
What is the remainder when 5736616 is divided by 49?
39
Calculate the remainder when 1439437764 is divided by 15.
9
What is the remainder when 76787 is divided by 25279?
950
What is the remainder when 2657186 is divided by 231?
224
Calculate the remainder when 98886 is divided by 997.
183
Calculate the remainder when 528783 is divided by 419.
5
What is the remainder when 681904 is divided by 19?
13
What is the remainder when 1505951 is divided by 376454?
135
What is the remainder when 458079 is divided by 229015?
49
What is the remainder when 13451053 is divided by 258674?
5
Calculate the remainder when 1483603 is divided by 134873.
0
What is the remainder when 80865 is divided by 80434?
431
What is the remainder when 124463 is divided by 124456?
7
What is the remainder when 10929641 is divided by 455389?
305
Calculate the remainder when 2352648 is divided by 396.
12
Calculate the remainder when 242643753 is divided by 652.
649
Calculate the remainder when 346918 is divided by 771.
739
Calculate the remainder when 6174920 is divided by 26.
24
Calculate the remainder when 1525243 is divided by 191.
108
What is the remainder when 102858 is divided by 34236?
150
Calculate the remainder when 3500360 is divided by 467.
195
What is the remainder when 3927509 is divided by 28?
5
Calculate the remainder when 1649883 is divided by 483.
438
What is the remainder when 2247714 is divided by 5854?
5632
Calculate the remainder when 623183 is divided by 317.
278
What is the remainder when 357572 is divided by 44?
28
Calculate the remainder when 22157472 is divided by 153.
12
Calculate the remainder when 158918 is divided by 4676.
4610
What is the remainder when 5365 is divided by 1775?
40
Calculate the remainder when 96669 is divided by 6444.
9
Calculate the remainder when 299391 is divided by 15755.
46
What is the remainder when 799341 is divided by 127?
3
What is the remainder when 2408330 is divided by 2667?
29
Calculate the remainder when 34487 is divided by 7983.
2555
What is the remainder when 106173 is divided by 1769?
33
What is the remainder when 9643120 is divided by 192?
112
What is the remainder when 65405 is divided by 872?
5
Calculate the remainder when 38806317 is divided by 29421.
18
What is the remainder when 1021026 is divided by 11601?
138
Calculate the remainder when 818211 is divided by 318.
315
Calculate the remainder when 2585771 is divided by 704.
683
What is the remainder when 1233987 is divided by 45?
42
What is the remainder when 217343735 is divided by 2502?
2501
Calculate the remainder when 84072251 is divided by 17.
9
What is the remainder when 998661 is divided by 72?
21
Calculate the remainder when 29185097 is divided by 3460.
3457
What is the remainder when 75450 is divided by 75192?
258
What is the remainder when 40500367 is divided by 5511?
28
What is the remainder when 19005 is divided by 2677?
266
Calculate the remainder when 24511201 is divided by 2819.
2815
What is the remainder when 1780168 is divided by 2297?
2290
Calculate the remainder when 509106 is divided by 169700.
6
Calculate the remainder when 45964 is divided by 151.
60
Calculate the remainder when 1145767 is divided by 3603.
13
What is the remainder when 80799 is divided by 80751?
48
What is the remainder when 1621631 is divided by 5460?
11
Calculate the remainder when 1493689 is divided by 29870.
189
What is the remainder when 9268 is divided by 6315?
2953
What is the remainder when 6026831 is divided by 756?
755
Calculate the remainder when 95219 is divided by 47197.
825
What is the remainder when 1639806 is divided by 153?
105
What is the remainder when 36528 is divided by 9094?
152
Calculate the remainder when 2257473 is divided by 72817.
146
What is the remainder when 59490 is divided by 398?
188
Calculate the remainder when 4211399 is divided by 34.
23
Calculate the remainder when 2406925 is divided by 4943.
4627
Calculate the remainder when 3040436 is divided by 353.
47
Calculate the remainder when 227220 is divided by 9878.
26
What is the remainder when 227669 is divided by 166?
83
What is the remainder when 315570 is divided by 105180?
30
Calculate the remainder when 3356529 is divided by 8606.
189
Calculate the remainder when 3055103 is divided by 234.
233
Calculate the remainder when 12494010 is divided by 73929.
9
What is the remainder when 1176791 is divided by 1733?
84
Calculate the remainder when 2979879 is divided by 50.
29
What is the remainder when 34935 is divided by 11618?
81
Calculate the remainder when 460065 is divided by 607.
566
What is the remainder when 17749502 is divided by 14?
8
Calculate the remainder when 10189 is divided by 777.
88
Calculate the remainder when 39